000334 (base 5) to base 8
-57016433
506043 (base 9) to base 7
2355432
342264 (base 7) to base 8
166667
Convert -3906ae (base 16) to base 14.
-6d3d94
Convert -13ca99 (base 13) to base 5.
-111011111
-829b9 (base 13) to base 2
-111001010000111011
What is 2525 (base 11) in base 12?
1aa6
Convert -2078854 (base 10) to base 11.
-119a968
What is 1210131100 (base 4) in base 12?
17a154
What is -151c7 (base 14) in base 11?
-364a4
432012143 (base 5) to base 3
10102220222112
-20131618 (base 9) to base 6
-542424542
What is -6545662 (base 8) in base 16?
-1acbb2
Convert 11000022011102 (base 3) to base 8.
10103403
Convert -1100024301 (base 5) to base 4.
-20330221220
Convert -1001010011012110 (base 3) to base 10.
-14942460
Convert -879019 (base 10) to base 6.
-30501311
10761235 (base 9) to base 2
10011111110011101111001
Convert -6583b (base 15) to base 5.
-40304411
What is 1951974 (base 11) in base 16?
324dd6
-241143220 (base 7) to base 16
-e4688f
What is -822987 (base 12) in base 14?
-3b04ab
1434400 (base 5) to base 13
10c0b
389806 (base 12) to base 9
1665426
1377446 (base 8) to base 9
658074
1279c4 (base 13) to base 8
1546043
Convert -30025 (base 12) to base 15.
-13692
12323121 (base 5) to base 14
31c4b
What is -26635 (base 13) in base 2?
-10001011011000010
What is -11021551 (base 6) in base 14?
-88199
What is 56667 (base 14) in base 7?
1532460
What is -1000000100111000011 (base 2) in base 4?
-1000213003
What is -1212121013 (base 4) in base 5?
-101410044
Convert -2047471 (base 9) to base 14.
-206cad
What is 2330023010 (base 5) in base 2?
10100010001011001010010
311034120 (base 5) to base 11
79676a
Convert -5444032 (base 6) to base 12.
-110618
What is 156360 (base 8) in base 3?
2212120211
What is 221034200 (base 5) in base 11?
5a2a12
52c77 (base 14) to base 4
300311121
Convert -a83b5 (base 13) to base 3.
-120102210101
Convert 33064313 (base 7) to base 5.
1211331021
-1c87828 (base 13) to base 9
-18831337
13670436 (base 8) to base 15
41636a
Convert 22340030 (base 5) to base 10.
199390
What is 13200232323 (base 4) in base 11?
1125446
Convert 52069 (base 14) to base 12.
96479
Convert -1101210122021 (base 3) to base 13.
-200884
Convert -1001110001111011 (base 2) to base 10.
-40059
Convert -68606 (base 9) to base 12.
-22536
What is -2447666 (base 8) in base 16?
-a4fb6
-33302213130 (base 4) to base 15
-56b7a9
11100021011112 (base 3) to base 12
933888
Convert 103bf2 (base 16) to base 3.
2000001102112
Convert 14345040 (base 6) to base 15.
9c036
What is -634c (base 16) in base 9?
-37774
Convert 147553 (base 13) to base 16.
7a845
-163342112 (base 7) to base 3
-202220221110112
c25c18 (base 15) to base 7
141324245
487b41 (base 12) to base 15
1831ea
3bdfb (base 16) to base 2
111011110111111011
129591 (base 14) to base 6
21421031
Convert 98552 (base 10) to base 6.
2040132
-1344300 (base 7) to base 14
-49437
-27625 (base 15) to base 10
-126260
Convert -128339 (base 12) to base 3.
-120110211200
Convert -35756a (base 16) to base 11.
-1a8322a
What is 10102443324 (base 5) in base 16?
9baf54
-1021102112020 (base 3) to base 11
-423123
Convert -1c058a (base 14) to base 11.
-623287
What is 10537715 (base 8) in base 3?
11021200220101
Convert 77433 (base 12) to base 7.
1225146
650256 (base 9) to base 3
201200021220
20213223133 (base 4) to base 6
120233251
What is -30651a (base 12) in base 13?
-206ab5
What is 679ba8 (base 16) in base 11?
3918519
-10201011200202 (base 3) to base 15
-28e332
What is 1385345 (base 11) in base 7?
26135411
-7a5849 (base 14) to base 11
-2394760
Convert 4b16 (base 16) to base 9.
28327
1100011001111001001 (base 2) to base 4
1203033021
Convert 252914 (base 13) to base 9.
1607588
-2735ab (base 14) to base 4
-11022203003
What is 621324 (base 7) in base 8?
317250
What is 21002202210 (base 3) in base 6?
2555120
161133624 (base 7) to base 2
101001011000101100100011
-4ed615 (base 16) to base 15
-6c0cad
1011100020 (base 3) to base 13
a527
-4022a6 (base 13) to base 2
-101101011110001111000
30b29 (base 13) to base 11
5a886
What is 711176 (base 9) in base 5?
101431113
Convert 4003732 (base 9) to base 5.
1021103142
What is 322413014 (base 6) in base 7?
66443140
-12100222122 (base 3) to base 7
-620102
1772869 (base 12) to base 7
56313360
Convert 14050305 (base 7) to base 5.
313300141
2467b2 (base 15) to base 7
20550224
What is 1805690 (base 12) in base 5?
2234030002
What is -5546530 (base 7) in base 6?
-22355344
What is 3a0579 (base 12) in base 9?
1714503
Convert 23332021021 (base 4) to base 5.
1300404441
What is -158bc (base 15) in base 4?
-100331211
What is 2887450 (base 10) in base 8?
13007432
What is 78820 (base 13) in base 10?
218881
What is -1001001000011011010001 (base 2) in base 16?
-2486d1
-12111111010102 (base 3) to base 12
-b8b425
What is -120571 (base 9) in base 14?
-1c688
-7b68a9 (base 15) to base 14
-ad6309
Convert 213682 (base 10) to base 13.
76351
10001111111100100100 (base 2) to base 5
122331404
a1501 (base 15) to base 11
31980a
1748a45 (base 12) to base 15
654e2e
4291b (base 14) to base 4
213102231
-264327 (base 9) to base 8
-471610
Convert 1016828 (base 10) to base 5.
230014303
What is -350051105 (base 6) in base 2?
-11000100101100011010001
224314044 (base 5) to base 7
11406064
-2101001222102 (base 3) to base 11
-791584
Convert -1052025 (base 10) to base 2.
-100000000110101111001
What is 3a8b3 (base 13) in base 2?
11010101001011111
What is -200111102110 (base 3) in base 13?
-c9942
What is -1400d (base 14) in base 12?
-24711
-1520923 (base 10) to base 7
-15633115
What is -320124050 (base 6) in base 5?
-2414004412
What is 30311132 (base 4) in base 14?
15234
4010476 (base 8) to base 13
2ab393
-2622634 (base 11) to base 14
-863423
What is -1071413 (base 11) in base 12?
-7656b1
What is 1001011110001011100 (base 2) in base 4?
1023301130
What is -3210221201 (base 4) in base 13?
-26a38c
Convert -1576282 (base 9) to base 6.
-30445115
What is -1555105 (base 9) in base 7?
-10223453
What is 330320231331 (base 4) in base 3?
1010000220022120
Convert 34924 (base 16) to base 15.
43c07
What is 112200011222210 (base 3) in base 7?
123166002
1344 (base 7) to base 16
20a
Convert -589514 (base 12) to base 5.
-331120321
What is 156476 (base 10) in base 12?
76678
What is -4a144c (base 13) in base 5?
-423224334
What is -135764 (base 10) in base 9?
-226208
Convert 2498b (base 12) to base 11.
34451
-22cc5 (base 15) to base 7
-641165
What is 1000001010011101110101 (base 2) in base 15?
2c4131
Convert -450435 (base 6) to base 11.
-263aa
Convert 1011100000101111 (base 2) to base 11.
32475
-3a462a (base 13) to base 3
-2122121020022
1a636 (base 11) to base 12
14750
What is 200122111 (base 5) in base 2?
10111111110111110010
Convert 34cb0 (base 16) to base 8.
646260
What is -6260232 (base 7) in base 2?
-10111000000101110011
What is -1230110321 (base 4) in base 13?
-126c62
39941 (base 13) to base 11
73460
201213331 (base 4) to base 15
2ac1a
Convert -82652 (base 13) to base 4.
-321013223
What is 10011101111101100100 (base 2) in base 8?
2357544
What is 311309 (base 10) in base 6?
10401125
Convert -2035a6 (base 11) to base 13.
-b59a9
Convert -4274403 (base 8) to base 9.
-2134683
What is -1007242 (base 13) in base 15?
-659c8a
1226216 (base 9) to base 7
5446140
What is 1586a5a (base 11) in base 3?
12002100002201
Convert 5203201 (base 8) to base 9.
2530133
201012030223 (base 4) to base 7
133513603
-110111100 (base 3) to base 8
-21624
What is -28376445 (base 9) in base 12?
-485407b
Convert 2cc9a7 (base 14) to base 7.
16233400
-122223112 (base 4) to base 10
-109270
What is -101001001010111111 (base 2) in base 3?
-22120022220
111012210221000 (base 3) to base 2
11010110010101000011100
Convert -365352 (base 8) to base 11.
-8646a
21326522 (base 7) to base 14
356149
What is 10000110010110111101011 (base 2) in base 9?
8250282
Convert 2020022021 (base 3) to base 13.
1701a
What is -2070645 (base 9) in base 6?
-35435452
What is 88019b (base 13) in base 10?
3199129
Convert -3331451 (base 6) to base 13.
-5b375
Convert -1354432 (base 7) to base 14.
-4a2c2
Convert -2022122011212 (base 3) to base 15.
-195465
21110110122 (base 3) to base 12
70bb2
4204025 (base 6) to base 16
31931
101201002021 (base 3) to base 5
23220432
Convert 2414305 (base 8) to base 6.
22103233
Convert -aac43 (base 15) to base 6.
-15344443